se 35 = -4*j - 5*q, -20 = 49*j - 48*j + 5*q. Calculate t(j).
4
Let c(w) = -5*w**2 + 0*w + 9*w + 6*w**2 - 10. Let l be c(-12). Let b = -21 + l. Let i(g) = -g**3 + 5*g**2 + 6. Calculate i(b).
6
Let x(t) = 10*t - 10. Let r(v) = -v**2 - 11*v + 11. Let y(i) = -6*r(i) - 7*x(i). Let h be y(1). Let g(o) = h*o**2 + 8*o**2 - 15*o**2 - o + 1. What is g(-3)?
-5
Let u(z) = z**3 - 72*z**2 - 70*z - 176. Let v be u(73). Let b(n) = -n**2 + 50*n - 310. What is b(v)?
-9
Let y(n) = 6*n + 2. Let m be ((-96)/15 - -3) + (-6)/(-15). Give y(m).
-16
Let b(n) = -n**2 + 7*n**3 - 21 - n - 6*n**3 + 25*n**2. Let d be b(-24). Suppose -5*z + 3 = d*f - 6, -4*z + 15 = 5*f. Let i(h) = -2*h**2 + 4*h. Calculate i(f).
-6
Let m(n) = -19*n + n**2 - 2 - 24*n + 43*n - n**3. Let k be m(2). Let h(r) = r**2 + 6*r - 4. Give h(k).
-4
Let j(g) be the first derivative of -3*g**4/4 + 2*g**3/3 + 9*g**2/2 + 6*g + 11692. What is j(-1)?
2
Suppose i + 4*v + 9 = 0, 0 = 8*i - 6*i - 5*v - 8. Let m be (13 - i) + (-25)/5. Let u(j) = -j**2 + 9*j. Give u(m).
0
Let c = 3259 + -3300. Let p(k) = -k**2 - 42*k - 43. What is p(c)?
-2
Let k(p) = -p. Let l be ((-288)/84)/((-2)/(-7)). Let y be (-8)/(-24) + (128/l)/(-4). What is k(y)?
-3
Let z(l) = 6*l + 18. Let k be (-426)/105 + (-110)/(-1925). Calculate z(k).
-6
Let o(x) = -x. Let i be ((-120)/(-28) + 0)*-42. Let n = -179 - i. Give o(n).
-1
Let j(a) = -a - 2. Let p(z) = -45*z - 34. Let h be p(-2). Suppose h*m - 94 = 130. Give j(m).
-6
Let w be (6/8)/((-1)/(-40)). Let l = w + -28. Let z(j) = -3 - 2*j - l + 6. Calculate z(4).
-7
Let p(t) = 5*t**3 + 3*t**2 - 4*t + 2. Let x(m) = m**3 - 14*m**2 + 25*m - 11. Let u be x(12). Let j(l) = 2*l**3 - l - 1. Let d(v) = u*p(v) - 2*j(v). Give d(-4).
-4
Let q(u) = -78*u - 315. Let i be q(-4). Let r(z) = 3*z**3 - 4*z**2 - 8*z - 3. Calculate r(i).
-96
Suppose 5*a + 3 = m, -m - a = -10 - 17. Let x(g) = -g**2 - 25*g + 4*g**2 + m*g. Suppose -2*o - 3*s + 12 = 0, -5*s = 2*o - 24 + 8. What is x(o)?
21
Let h(f) be the first derivative of f**3/3 - 4*f**2 - 5*f - 315. Determine h(8).
-5
Let i = 148 + -140. Suppose -2*a - i - 3 = s, 3*a = -15. Let j be (-3 - -3) + 1*10/s. Let p(g) = g + 11. Give p(j).
1
Let y(u) be the second derivative of -u**5/20 - u**4/4 + 5*u**3/2 + 4*u**2 - 2777*u. Give y(-6).
26
Let l be 26/3 + (-2)/3. Let x(d) be the third derivative of 0 - 2/15*d**5 + 2/3*d**3 + 3*d + 1/120*d**6 - 37*d**2 + 0*d**4. Calculate x(l).
4
Let l(o) = o**3 - o + 4*o - 9*o**2 + 3*o - 3 + 2*o. Let v be l(8). Let w(u) be the third derivative of -u**5/60 - u**4/8 - 2*u**3/3 + 8*u**2. Give w(v).
-4
Let z(k) = -k**3 - 8*k**2 + k + 5. Let h(l) = -12*l**2 - 227*l + 11. Let n be h(-19). Give z(n).
-3
Let d(s) = s**2 - 16*s - 70. Let m be (235/(-94))/(5/(-38)). What is d(m)?
-13
Let j(c) = 8*c - 1. Let o be (-33)/88 + 4/((-32)/(-43)). Suppose -m + 11 = 3*q, -3*m + 5*m + o*q - 19 = 0. Determine j(m).
15
Let y(m) be the first derivative of 5*m**4/4 - m**3 + m**2 + 2*m + 42. Let v be y(1). Let i(c) = c - 13. Calculate i(v).
-7
Let a(y) be the first derivative of 5*y + 1/2*y**2 - 120. What is a(-10)?
-5
Let x(q) = -5 + q + 3*q**2 + 0*q + 3*q**2 + q**3. Let h = -36873 + 36867. Determine x(h).
-11
Suppose 0 = -l - 4*j - 10, 3*l + 2*l + 6 = 2*j. Let o(c) = -15*c**3 - c**2 + 4*c + 6. Give o(l).
114
Let o(i) = i**3 - 7*i**2 + 8. Let f be o(7). Suppose 2*s + 5*l = 4*s - 16, -5*s + 13 = l. Suppose -7 = s*z + f. Let y(q) = q - 2. What is y(z)?
-7
Suppose 0 = 98*b - 104*b + 18. Let f(k) = -3 + 2 - 5 + 8*k**2 + 7*k + k**b + 4. Give f(-7).
-2
Let d(t) be the second derivative of -t**4/12 - 2*t**3/3 + 17*t**2/2 + 2*t. Suppose 2*m + 196 = -26*m. Let g be d(m). Let x(i) = i**2 + 6*i. What is x(g)?
-8
Let r(f) = -4*f**2 + 50*f + 52. Let y be r(-1). Let m(c) = 15*c**2 + 11*c. Let d(b) = 8*b**2 + 6*b. Let t(a) = 11*d(a) - 6*m(a). Determine t(y).
-8
Let r(f) be the second derivative of -f**5/20 + 5*f**4/12 + f**3/6 + 7*f**2/2 - f - 529. Determine r(5).
12
Let z(u) = -3*u + 54. Let f be z(18). Suppose f = 4*w + 5*j - 18, 3*j + 8 - 2 = 0. Let c(q) = w - 5 - 5*q - 6*q**2 + 7*q**2. Calculate c(3).
-4
Let h(v) = -9*v - 9. Let q(z) = -19*z - 19. Let g = -52 - -65. Let n(w) = g*h(w) - 6*q(w). Let b = 8 - 11. What is n(b)?
6
Let j(o) be the second derivative of 0*o**2 + 6 - 1/12*o**4 + o - 4/3*o**3. Determine j(-7).
7
Suppose -25*l + 241 + 9 = 0. Let s(a) = 8 - 1 + a - l*a + 2*a. Give s(2).
-7
Let r be (-121)/6 - (-8)/48. Let p be 8/2*(-5)/r. Let g(k) = -9*k. Let y(u) = 1. Let q(w) = g(w) - y(w). Determine q(p).
-10
Let x(s) = 5*s + 51. Let d = 10 - 16. Let k be x(d). Suppose 15 + k = -6*f. Let m(j) = -3*j + 1. Determine m(f).
19
Let s(h) = -h**3 + 7*h**2 - 8. Suppose -233*o = -234*o + 915. Suppose 8*v - o = -859. Give s(v).
-8
Let g(i) = i**3 - 9*i**2 + 3. Let p = -154 - -152. Let a be 15 + 2/p*6. Determine g(a).
3
Let n(o) = o**3 - 152*o - 647. Let w be n(-5). Let l(u) = 2*u**3 + 24*u**2 + u + 28. Calculate l(w).
16
Suppose -2*a + 22 - 16 = -4*r, 2*r = -4*a - 28. Let z be 6 + -4*a/4. Let g(n) = n**2 - 11*n - 1. Determine g(z).
-1
Let j(q) = -6*q**2 - 2*q - 1. Suppose -127*o + 118*o - 18 = 0. What is j(o)?
-21
Let n(m) = m**2 - 89*m + 1604. Let s be n(64). Let l(g) = 0 + 1 - g**2 + 0*g + g. What is l(s)?
-11
Let s be 30/((7/(-1))/(-7)). Let b(y) = 28 + y + s + 37 - 107. What is b(11)?
-1
Suppose 0 = -6*p + 84 + 210. Suppose k - 2*k = -p. Let w(l) = -24*l + k*l - 2*l**3 - 27*l - l**2 + 1. Calculate w(-2).
17
Let x(w) = -1059*w - 3. Let o(i) = 265*i + 1. Let a(t) = 4*o(t) + x(t). Suppose 0*j + 12 = 4*j. Give a(j).
4
Let a = -29118 + 29120. Let c(y) be the second derivative of 5/2*y**a + 0 - 30*y + 1/3*y**3. What is c(5)?
15
Let m(q) = -20*q - 7. Let c(d) = -d**2 + 13*d + 463. Let b be c(29). Determine m(b).
13
Let n(p) = -16*p - 75. Let u be (15*(-2)/8 - 1) + (-5949)/(-7932). Calculate n(u).
-11
Let l(i) = i**3 - 6*i**2 + 2. Let d be 3 - -3*106*(-10)/(-20). Suppose -d = m - 7*m. Suppose m + 9 = 6*a. What is l(a)?
2
Let z(s) be the third derivative of 9*s**2 + 1/15*s**5 + 0 - 1/3*s**3 + 1/8*s**4 + 0*s + 1/120*s**6. Suppose a - 6 = -3*g, -2*a + g + 9 = 6*g. Calculate z(a).
-2
Let v(q) = -q**2 + 12*q - 19. Suppose 132*n - 35*n = 44*n + 477. Give v(n).
8
Let u(c) = -3 - 1 - 3*c + c. Let s be 16/136 - (-166)/34. Suppose -s*d - 26 = -11. What is u(d)?
2
Let m(u) = -108*u**2 - 6*u + u**3 + 344*u**2 - 7 - 129*u**2 - 112*u**2. Let c = 16 - 10. Determine m(c).
-7
Suppose -3*b = 7*b - 30. Let a(w) = -7 + 4*w - w**2 + 5 + b - 5*w + 4*w**2. What is a(1)?
3
Suppose 2*h + 5 = 3*h, -4*h - 15 = 5*r. Let f be (-2 - (-4 - -3))*r. Let l(o) = -o**2 + 9*o - 9. What is l(f)?
5
Suppose 0 = -5*t - 14 - 16. Let m be 4/t + 7*16/168. Let y(r) = 3 - 7 + r + 0. What is y(m)?
-4
Let g(r) = 11*r**2 - 177*r + 21. Let w be g(16). Let y(j) be the first derivative of j**3/3 + 3*j + 3. Let u(c) be the first derivative of y(c). Determine u(w).
10
Let x(g) = -2668284 - 4*g**2 + 2*g**2 + 2668310. Calculate x(5).
-24
Let f(m) = -4*m**2 - 3*m - 3. Suppose 0 = -2*n + 3*y - 10 + 40, -4*n - 2*y = -76. Suppose -w = 4*q + n, w + q = -4 - 2. Calculate f(w).
-13
Let v(h) = h. Let m be (45/(-18))/((-4)/8). Let n(t) = -4*t - 3. Let o be 2/8 - 3/(-4). Let g(p) = m*v(p) + o*n(p). Give g(-5).
-8
Let s(o) = 53*o + 209. Let b be s(-4). Let q be ((-1)/(-2))/(9/162*b). Let m(w) = -w**2 - w - 2. Calculate m(q).
-8
Let g(t) = -t**3 + 6*t**2 + t - 7. Let c be g(2). Suppose -4 + 15 = -c*v. Let w(u) = u - u - 4*u - 5*u. Give w(v).
9
Let h(o) = 2*o**3 + o**2 - 3*o + 2. Suppose -10*m = -2*m - 24. Suppose m*j - 1 = 2*j. Let q be 3*j + (-15)/15. Give h(q).
16
Let z(f) = -f**2 + 5*f - 9. Suppose 12*q = 16*q. Suppose -20 = -2*i - y + 2*y, q = -2*i - 4*y + 20. Suppose -4*h - h = 5*k - i, 20 = 2*h - 2*k. What is z(h)?
-15
Let x(m) = -2*m**3 + 13*m**2 - 5*m - 1. Let q be x(6). Let r(o) = -q + 696*o**2 - 692*o**2 - 2*o + o**3 + 0*o. Let p be (1 - 3) + -1 + 6 + -7. Determine r(p).
3
Suppose -3*i - 32 + 71 = -3*g, i + 3*g = -11. Let x(u) = -u**2 + 10*u - 10. Calculate x(i).
11
Let f(d) be the first derivative of -d**4/24 - 17*d**3/6 + 207*d**2/2 + 90. Let m(y) be the second derivative of f(y). Give m(-9).
-8
Let v(z) be the second derivative of z**4/6 + z**3 - 4*z**2 - 99*z. Let d(f) = -f**2 - 8*f + 7. Let i(a) = 3*d(a) + 2*v(a). Determine i(9).
-22
